97426049?
3, 11, 31, 1659263
What are the prime factors of 47838621?
3, 47, 491, 691
List the prime factors of 2907981679.
109, 244759
List the prime factors of 130893175.
5, 7, 503, 1487
What are the prime factors of 174948683?
7, 13, 17, 113089
List the prime factors of 6275465217.
3, 7, 19, 5242661
List the prime factors of 1415694753.
3, 11, 1588883
List the prime factors of 60419976.
2, 3, 2517499
What are the prime factors of 170405893?
7, 71, 342869
List the prime factors of 78393244.
2, 1129, 17359
What are the prime factors of 28607514?
2, 3, 13, 29, 12647
What are the prime factors of 56193184?
2, 19, 29, 3187
What are the prime factors of 237045009?
3, 79015003
What are the prime factors of 461978383?
17, 73, 372263
List the prime factors of 1272988915.
5, 11, 1213, 19081
What are the prime factors of 23167877?
23, 1007299
List the prime factors of 121111147.
121111147
List the prime factors of 958215519.
3, 59, 1804549
What are the prime factors of 74446565?
5, 14889313
List the prime factors of 53292086.
2, 677, 39359
What are the prime factors of 3539092011?
3, 7, 13, 17, 762571
List the prime factors of 142050987.
3, 13, 197, 6163
List the prime factors of 4828693454.
2, 13, 185718979
List the prime factors of 4617334934.
2, 29, 79609223
What are the prime factors of 1234880438?
2, 11, 857, 65497
What are the prime factors of 2203007635?
5, 3911, 112657
What are the prime factors of 18312706?
2, 17, 37, 14557
What are the prime factors of 4181156429?
431, 499, 19441
List the prime factors of 1027309545.
3, 5, 3529, 6469
List the prime factors of 18689121.
3, 11, 188779
What are the prime factors of 150553880?
2, 5, 1181, 3187
List the prime factors of 5278930005.
3, 5, 351928667
What are the prime factors of 423898431?
3, 11, 139, 92413
List the prime factors of 3060965.
5, 612193
What are the prime factors of 24622837?
41, 600557
List the prime factors of 1137137713.
947, 1200779
What are the prime factors of 8902886?
2, 23, 193541
List the prime factors of 4962466994.
2, 13297, 186601
List the prime factors of 281213100.
2, 3, 5, 7, 14879
List the prime factors of 75352305.
3, 5, 7, 359, 1999
List the prime factors of 183388242.
2, 3, 233, 563
List the prime factors of 133706726.
2, 66853363
List the prime factors of 67112539.
13, 337, 15319
What are the prime factors of 75894654?
2, 3, 11, 1149919
What are the prime factors of 18792375?
3, 5, 7, 7159
What are the prime factors of 19325616?
2, 3, 457, 881
List the prime factors of 565363565.
5, 13, 8697901
List the prime factors of 315124421.
149, 557, 3797
List the prime factors of 21701638.
2, 7, 1129, 1373
What are the prime factors of 36142555?
5, 29, 53, 4703
List the prime factors of 21254286.
2, 3, 373, 9497
What are the prime factors of 170417913?
3, 56805971
What are the prime factors of 39927411?
3, 31, 15901
List the prime factors of 1591947848.
2, 198993481
What are the prime factors of 1849302665?
5, 7, 83, 337, 1889
What are the prime factors of 1149453496?
2, 251, 572437
List the prime factors of 1525950870.
2, 3, 5, 23, 113, 19571
What are the prime factors of 480210017?
7, 773, 88747
List the prime factors of 833615824.
2, 52100989
List the prime factors of 38908938.
2, 3, 6484823
List the prime factors of 743403587.
743403587
List the prime factors of 35290145.
5, 11, 641639
List the prime factors of 392704406.
2, 701, 280103
What are the prime factors of 226771067?
226771067
What are the prime factors of 46190478?
2, 3, 7698413
List the prime factors of 145139562.
2, 3, 8063309
List the prime factors of 4762792.
2, 47, 53, 239
List the prime factors of 37948852.
2, 19, 499327
What are the prime factors of 352370765?
5, 53, 1329701
List the prime factors of 126431034.
2, 3, 47, 181, 2477
What are the prime factors of 3356783949?
3, 43, 26021581
What are the prime factors of 3611918543?
3611918543
List the prime factors of 8980077.
3, 43, 67, 1039
What are the prime factors of 24271231?
29, 836939
List the prime factors of 15844220.
2, 5, 7, 113173
What are the prime factors of 1220544678?
2, 3, 37, 5497949
List the prime factors of 1409150795.
5, 13, 89, 243587
List the prime factors of 15976259.
13, 1228943
What are the prime factors of 80796844?
2, 20199211
What are the prime factors of 29314738?
2, 14657369
List the prime factors of 24455800.
2, 5, 122279
List the prime factors of 30775444.
2, 7, 43, 25561
What are the prime factors of 2283418448?
2, 142713653
What are the prime factors of 21593817?
3, 7, 61, 1873
List the prime factors of 386067825.
3, 5, 11, 13, 71
List the prime factors of 101068489.
89, 353, 3217
What are the prime factors of 179577118?
2, 7, 12826937
What are the prime factors of 629794783?
47, 13399889
What are the prime factors of 22008057?
3, 79, 92861
What are the prime factors of 96487076?
2, 7, 492281
What are the prime factors of 378497552?
2, 1201, 19697
What are the prime factors of 281291971?
281291971
What are the prime factors of 301056763?
7, 59, 157, 4643
What are the prime factors of 1308110878?
2, 23, 179, 158867
List the prime factors of 522671479.
11, 4319599
What are the prime factors of 1342180782?
2, 3, 593, 125743
What are the prime factors of 1367663179?
15331, 89209
What are the prime factors of 3407044051?
337, 10109923
What are the prime factors of 560888432?
2, 13, 1489, 1811
List the prime factors of 79904864.
2, 13, 401, 479
What are the prime factors of 93088330?
2, 5, 1217, 7649
What are the prime factors of 4239303245?
5, 367, 1223, 1889
What are the prime factors of 1163215?
5, 232643
List the prime factors of 120663235.
5, 7, 11, 44773
List the prime factors of 1432406979.
3, 19, 8376649
What are the prime factors of 50253771?
3, 16751257
List the prime factors of 1041972280.
2, 5, 26049307
List the prime factors of 254522434.
2, 157, 810581
What are the prime factors of 67982287?
31, 67, 71, 461
What are the prime factors of 219431196?
2, 3, 691, 8821
List the prime factors of 3050549838.
2, 3, 7, 3613, 6701
List the prime factors of 1042468.
2, 7, 31, 1201
List the prime factors of 1044833759.
1044833759
List the prime factors of 316415632.
2, 13, 1521229
List the prime factors of 600090829.
13, 59, 782387
List the prime factors of 509073676.
2, 37, 73, 47119
List the prime factors of 370483479.
3, 37, 59, 109, 173
List the prime factors of 136103009.
7, 401, 48487
What are the prime factors of 1881000044?
2, 7, 11, 157, 5557
List the prime factors of 193876805.
5, 38775361
List the prime factors of 1168615551.
3, 97, 101, 39761
What are the prime factors of 90553433?
90553433
What are the prime factors of 102026604?
2, 3, 79, 281, 383
List the prime factors of 368889377.
368889377
What are the prime factors of 62764702?
2, 7, 11, 13, 107, 293
What are the prime factors of 72014036?
2, 18003509
List the prime factors of 57771584.
2, 13, 23, 3019
List the prime factors of 2019790608.
2, 3, 11, 29, 131909
What are the prime factors of 35571198?
2, 3, 13, 31, 47, 313
List the prime factors of 16291574.
2, 13, 626599
List the prime factors of 558953579.
558953579
What are the prime factors of 1799603232?
2, 3, 7, 421, 6361
What are the prime factors of 1139416134?
2, 3, 233, 815033
What are the prime factors of 194487740?
2, 5, 53, 183479
What are the prime factors of 1538577441?
3, 61, 127, 22067
What are the prime factors of 85707619?
85707619
What are the prime factors of 1229128923?
3, 11, 37246331
List the prime factors of 3460983302.
2, 7, 83, 1399, 2129
List the prime factors of 49038602.
2, 137, 178973
What are the prime factors of 1525953945?
3, 5, 101730263
What are the prime factors of 26498644?
2, 61, 223, 487
What are the prime factors of 21409769?
47, 455527
What are the prime factors of 1687170868?
2, 421792717
What are the prime factors of 6953200?
2, 5, 17383
List the prime factors of 134384134.
2, 7687, 8741
What are the prime factors of 19799586?
2, 3, 373, 983
What are the prime factors of 4645383212?
2, 17, 29, 2355671
What are the prime factors of 613668216?
2, 3, 7, 1811, 2017
List the prime factors of 427757625.
3, 5, 126743
What are the prime factors of 54122344?
2, 211, 32063
What are the prime factors of 613969515?
3, 5, 19, 718093
What are the prime factors of 66847481?
